me factors of x.
2
Let g = -58 - -69. What are the prime factors of g?
11
Let y(w) = -3*w - 6. Let u be y(-7). Let j(s) = -s**3 + 2*s**2 + 2*s + 2. Let t be j(3). List the prime factors of u/(-1*3)*t.
5
Suppose -3*m = -0*m. Suppose -b + 17 = -m*b. List the prime factors of b.
17
Let m(l) = 4*l - 4. Let y(n) = n. Let t be y(4). Let i = 2 + t. List the prime factors of m(i).
2, 5
Let g = -2 + 5. Let j = -18 - -16. What are the prime factors of (-4)/j - (-12)/g?
2, 3
Suppose -5 = 3*v - 53. Let n = -3 + -5. Let z = v + n. What are the prime factors of z?
2
Let x(r) = -51*r - 25. What are the prime factors of x(-2)?
7, 11
Let t be 374/6 + (-2)/6. Suppose 0*f + t = 2*f. What are the prime factors of f?
31
What are the prime factors of 2 + -128*(-4 - -3)?
2, 5, 13
Let h(r) be the first derivative of 3*r**2/2 - r - 1. Let s be h(-3). List the prime factors of (5/(-2))/5*s.
5
Let k(m) = -m**3 - 4*m**2 + 2*m - 3. Let s be k(-5). What are the prime factors of 47/5 - s/30?
3
Let x(i) = 3*i**2 - i + 9. List the prime factors of x(-9).
3, 29
Let o(t) = t**3 + 7*t**2 + 4*t - 1. What are the prime factors of o(-4)?
31
Let j be 0 + (-2)/2 + -33. Let b = j - -54. What are the prime factors of b?
2, 5
Let k(b) = 74*b**2 - 2*b + 2. List the prime factors of k(2).
2, 3, 7
Suppose 70*m - 74 = 68*m. List the prime factors of m.
37
Let s(m) = 7*m + 5. Let f be s(4). What are the prime factors of f*(-2 + (-7)/(-3))?
11
Suppose 0 = 2*f + 2*s - 15 - 29, -2*s + 25 = f. What are the prime factors of f?
19
Let v(u) = 23*u + 24. What are the prime factors of v(6)?
2, 3
Suppose 0*n - h = n - 54, h - 162 = -3*n. What are the prime factors of n?
2, 3
Suppose 2*i - 890 = -2*i + 3*v, 0 = -i - v + 219. What are the prime factors of i?
13, 17
Let j(y) = y**3 + 6*y**2 + 8*y + 5. Let u(l) = -2*l**3 - 12*l**2 - 15*l - 9. Let q(f) = -11*j(f) - 6*u(f). List the prime factors of q(-3).
2, 5
Suppose -4*k - f + 760 = 0, -k - k + 366 = -3*f. List the prime factors of k.
3, 7
What are the prime factors of (-535)/(-35) - 4/14?
3, 5
Suppose 5*a + 6 = 5*n + 26, a = -2*n - 2. Suppose -52 = -a*i - 2*i. What are the prime factors of i?
13
Suppose 0 = 2*p - 3*p + 4. List the prime factors of p.
2
Let u = 10 + 4. What are the prime factors of u?
2, 7
Let u(g) = 4*g + 1 - 1 + 1. Let t be u(1). Suppose -3*x + 4*x = t. List the prime factors of x.
5
Suppose 3*x + x - 36 = 0. What are the prime factors of x?
3
Let t(f) = f**3 + 5*f**2 + 3. What are the prime factors of t(-4)?
19
Suppose -2*w - w = 3*u - 282, -u = 4. What are the prime factors of w?
2, 7
Let v = -6 - -101. List the prime factors of v.
5, 19
Let g be 12/8 + (-5)/(-2). Suppose -5*p + 2*p - g*w + 155 = 0, -205 = -5*p + 4*w. List the prime factors of p.
3, 5
Suppose -4*i + 227 + 269 = 0. What are the prime factors of i?
2, 31
Suppose 5*o + 15 = 0, 0*m = 4*m - 2*o - 50. Suppose -3*t + 41 = m. List the prime factors of t.
2, 5
Let f = 45 - 0. List the prime factors of f.
3, 5
Let s(g) = 3*g**3 - 7*g**2 - 10. Let o(q) = -4*q**3 + 7*q**2 + q + 11. Let d(n) = 4*o(n) + 5*s(n). List the prime factors of d(-8).
2, 13
Let j be 42/(-9)*72/(-14). Let g = -10 + j. List the prime factors of g.
2, 7
Let j(z) = z**2 + 2*z - 15. What are the prime factors of j(8)?
5, 13
Let t(o) = -130*o - 3. List the prime factors of t(-1).
127
Suppose -q = 5*w - 50, -5*q = 4*w - 2*w - 43. Let i = w - 1. List the prime factors of i.
2
Suppose 0 = 5*d + 4*s + 19 + 12, 4*d = 4*s + 4. What are the prime factors of 343/21 + (-2)/d?
17
Let p = -26 + 57. List the prime factors of p.
31
Let v be 60/14 + (-4)/14. Let y(c) = 3 + v - c - 1. List the prime factors of y(0).
2, 3
Let b(j) = -8*j - 18. Let q be b(-10). Let k = -40 + q. List the prime factors of k.
2, 11
Let r(x) = -4*x - 1. Let p be r(-2). Let t be -1*(0 - -1) - -6. Suppose -4*w + t*w = p. What are the prime factors of w?
7
List the prime factors of (-1166)/(-4) + 3/(-6).
3, 97
Suppose 3*v + 2*v = -j - 31, 2*j = 4*v + 8. Let l(y) = y**3 + 7*y**2 + 5*y + 5. List the prime factors of l(j).
11
Suppose -y - 10 = -4*l - 0*y, -5*l + 5*y = -20. What are the prime factors of 2/8*l*76?
2, 19
Let z(t) = t**2 - 2*t + 2. Let c be z(4). Suppose -2*i = 2*p - c, 2*p + 5 = 5*i - 2*i. Suppose -2 = 2*l, i*l + 47 + 0 = 4*r. List the prime factors of r.
11
Let o = 11 + 23. List the prime factors of o.
2, 17
Let s(g) = -g - 4. Let n be s(-6). Let o = 8 - n. List the prime factors of o.
2, 3
Let p = -9 + 5. Let w be (-2)/p - 127/2. What are the prime factors of (-1)/(-2 - w/33)?
11
Suppose 4*g = -g + 70. Suppose -5*u + i = -4*i, -3*u - 4*i = -g. What are the prime factors of u?
2
Let k = -15 - -20. Let z(l) = -l**3 + 5*l**2 + 3*l - 2. What are the prime factors of z(k)?
13
Let x(s) = -s + 8. Let r be x(4). Let j = 6 - 8. What are the prime factors of (r/(-12))/(j/18)?
3
Let p = -115 - -165. Suppose 5 = 5*z - p. What are the prime factors of z?
11
Let a be ((-8)/(-12))/((-2)/12). Let n be (a/(-10))/((-5)/(-125)). What are the prime factors of (-4 - -2*1) + n?
2
Suppose -79 - 46 = -5*j. Suppose 2*a - 3*x = 20 + 1, -2*a - x = -j. List the prime factors of a.
2, 3
Let y = 6 - 9. Let u be (-17)/3 + 1/y. What are the prime factors of (0 + u)/(3/(-3))?
2, 3
Let v(u) = 45*u + 1. Suppose 4*d = 2*o + o - 11, -2*o - 5*d = 8. What are the prime factors of v(o)?
2, 23
Let q(z) = -z**2 + 6*z + 6. Suppose 0*u = 3*u - 12. Suppose -o + 5*y - 14 = 0, -5*y - u = -0*o - 4*o. List the prime factors of q(o).
2, 3
Let u = -20 + 48. List the prime factors of u.
2, 7
Let m = -24 + 89. What are the prime factors of m?
5, 13
Let w be (-45)/(-20) - 2/8. What are the prime factors of -1 + w + 0 + 3?
2
Let f = -74 + 150. Suppose -3*d = -4*u + f, -4 + 8 = -d. Let z = -3 + u. List the prime factors of z.
13
Suppose -5*b + 109 + 1 = 0. Suppose -s - 4*p = -36, 2*p - b - 4 = -s. List the prime factors of s.
2
Let f(d) = 4*d**3 + d**2 + d. Let z be f(-1). List the prime factors of (-80)/(-15) - z/6.
2, 3
Suppose 4*u - 3 = 3*c, 0 = -4*u - 3*c - 1 + 22. Suppose 4*f = i - 9, -4*f - 21 - 6 = -u*i. List the prime factors of i.
3
Let v be 2/8 - (-39)/4. Let o(t) = -t**3 + 4*t**2 - 5*t + 5. Let q be o(2). Suppose b = q*b - v. What are the prime factors of b?
5
Let f be (-4)/6 - (-26)/(-6). Let j be 1/(4/60) + 0. List the prime factors of j/(-6)*8/f.
2
Let f be -1 + 2 - (5 + -10). Let z be (-5 + -3)/(4/f). What are the prime factors of -6*(z/9)/1?
2
Suppose -4*q + 20 = -2*x + 6*x, -5*q = -2*x + 3. Suppose 2*b + 20 = x*b. List the prime factors of (-2)/(-10) - (-98)/b.
2, 5
List the prime factors of (8 - -81) + 4 + 1/(-1).
2, 23
Suppose 3*a = -4*f - 3, -3*a - 1 = -f - 13. Suppose -a*n + 5 = -19. Let c = 12 - n. List the prime factors of c.
2
Suppose 3*c = 5*q + 461, -1 = -2*c + 4*q + 305. List the prime factors of c.
157
Let d(k) be the second derivative of k**4/3 + k**3/6 + k**2/2 + 2*k. Let p be d(-1). List the prime factors of 2/(-8) + 21/p.
5
Let l(o) = -6*o**3 + 5*o**3 + 5*o + 7 - 3*o + 6*o**2. What are the prime factors of l(6)?
19
Let v = -55 - -99. What are the prime factors of v?
2, 11
Suppose -x + 67 = 4*s - 20, -5*s + 105 = 5*x. Let j = 40 - s. List the prime factors of j.
2, 3
Let h(n) = n - 6. Let a be h(8). Suppose a*k = -1 + 25. Let l = 17 - k. What are the prime factors of l?
5
Let g(o) = 3*o**2 + 2*o + 1. Let r be g(-1). Suppose -25 = 5*t, -t - 4*t - 37 = -r*v. What are the prime factors of 1/(-3) - (-32)/v?
5
Let a(r) = -r + 10. Let v(y) = -y**2. Let f be v(0). Suppose -2*o + 5*o = f. List the prime factors of a(o).
2, 5
Let c = 2 + 2. Suppose -2*y = -c - 16. Let t = -6 + y. What are the prime factors of t?
2
Let o be (-9)/(-2)*6/(-9). Let x(f) = -3*f + 3. List the prime factors of x(o).
2, 3
Suppose -c + 32 = -15. What are the prime factors of c?
47
Let b = -113 - -253. What are the prime factors of (6/(-4))/((-14)/b)?
3, 5
Suppose 0 = -x - 3*x + 164. What are the prime factors of x?
41
Suppose 2*k + 9 = -3*s, -k + 4*s = -15 + 3. Suppose -3*m + 17 - 2 = k. List the prime factors of m.
5
Let s(z) = -z**2 + 6*z + 5. Let p be s(6). Suppose 0*k = -k + 15. List the prime factors of ((-24)/k)/((-1)/p).
2
Let c = 84 + -57. Suppose g = 4*f - c, 0 = 2*f - g + 3*g - 16. List the prime factors of f.
7
Let x = -43 - -79. List the prime factors of x.
2, 3
Let x = 25 - 18. L